der when (64/i)/1*3 is divided by 22?
20
What is the remainder when ((-328)/(-6))/(((-16)/(-8))/18) is divided by 45?
42
Let x(v) = 7*v**2 + 14*v - 25. Let u(p) = p**2 + 1. Let c(d) = -6*u(d) + x(d). What is the remainder when (0 - (-2)/(-2)) + 77 is divided by c(-17)?
16
Let y(a) = -a**2 + 18*a - 14. What is the remainder when y(16) is divided by 11?
7
Suppose 0*o = o - 21*o. Let x = 103 + o. Calculate the remainder when x is divided by 12.
7
Let k = -83 + 79. What is the remainder when 51 is divided by (-20)/15 + k/((-48)/340)?
24
Calculate the remainder when 137 is divided by 2/(-1)*(-28)/16*10.
32
Suppose -5*u + 1855 = -i, 337 = -4*u + 4*i + 1805. Calculate the remainder when u is divided by 34.
32
Let c = -73 + 163. Let d = -75 - -80. Suppose -5*v + 4*n + 175 = 0, 2*v + d*n - 42 = -5. Calculate the remainder when c is divided by v.
28
Suppose 44*m - 4*m = 1680. What is the remainder when 1/(666/332 + -2) is divided by m?
40
Let y be (-30)/(-20)*32/3. Let f = 123 + -72. What is the remainder when f is divided by 9 - 12 - y/(-1)?
12
Suppose 0 = -2*y + 22 + 12. What is the remainder when 96 is divided by y?
11
Let k(f) = -f**2 - 11*f - 15. Let l be k(-9). Calculate the remainder when 10 is divided by ((-5)/(15/(-24)))/(-1 + l).
2
What is the remainder when 39 is divided by -2 + (296/10 - (-12)/(-20))?
12
Let k(x) = 9*x**3 - x**2 + 1. What is the remainder when ((-30)/4)/((-33)/66) is divided by k(1)?
6
Calculate the remainder when 24/(-2 + -2) - (33 - 180) is divided by 104/6 + 2/3.
15
Let p(d) = -d**3 - 9*d**2 - 15*d + 6. Let r be p(-7). Suppose 2*t - y = 12, 49 = 4*t + y + r. Calculate the remainder when 11 is divided by t.
3
Let l = 11 + 39. Calculate the remainder when 147 is divided by l.
47
Suppose -2*t + 3003 = 9*t. What is the remainder when t is divided by 11?
9
Suppose -j = f - 514, j + f - 6*f - 544 = 0. What is the remainder when j is divided by 25?
19
Let h = -1549 - -1601. What is the remainder when 986 is divided by h?
50
Let b = -157 - -162. Let x = -17 - -24. Calculate the remainder when x is divided by b.
2
Suppose 13*n + 28 = 288. What is the remainder when 75 is divided by n?
15
Suppose 75 = 3*k - 8*z + 3*z, 0 = -4*z. Calculate the remainder when 73 is divided by k.
23
Let c be (5/(-1))/(-5) - -2. Suppose -f = 4*o + f - 182, c*o = 3*f + 141. Suppose -3*q = -2*q - 25. What is the remainder when o is divided by q?
21
Let i(a) = -2*a**3 + 18*a**2 - a + 21. Calculate the remainder when 36 is divided by i(9).
0
Let i = 46 + -18. Let x(b) = -b**3 + 63*b**2 + 140*b - 512. Calculate the remainder when x(65) is divided by i.
26
Let d(r) = -6*r**3 + 2*r**2 + 2*r + 2. Suppose 0 = 5*c - 2*b - 70, 47*c = 42*c + 13*b + 70. Calculate the remainder when d(-2) is divided by c.
12
Suppose -5*g + 6*g = 0. Suppose -4*d - 4*l + 52 = g, d - 4*l + 36 = 3*d. Calculate the remainder when 65 is divided by ((-12)/d + 1)*-34.
14
Suppose -3*i - 5*a + 322 = 0, 4*i - 218 = 2*i - 4*a. What is the remainder when i is divided by 36?
27
Let n be (-848)/(-28) - 4/14. Suppose n - 804 = -9*w. What is the remainder when w is divided by 30?
26
Suppose o - 7 + 13 = 5*j, 10 = 5*j. Calculate the remainder when 142 is divided by o.
2
Suppose 2*s - 122 = -66*t + 64*t, s = 4*t + 36. What is the remainder when 165 is divided by s?
53
Let z = 66 + -68. Calculate the remainder when ((-9)/z)/(3*(-3)/(-342)) is divided by 29.
26
Let r = 1144 + -1059. What is the remainder when 103 is divided by r?
18
Let k(u) = 2*u**2 + 2*u + 3. Let l be k(-2). Let r(t) = 11*t**2 - t. Calculate the remainder when l*4*(0 - -1) is divided by r(1).
8
Let q(c) = 5*c - 20. Let k be q(7). Suppose -k*h + 20*h = 385. What is the remainder when h is divided by 26?
25
Let s be 4 + (3 - 0)/3. Suppose -3*o - r + 12 - 2 = 0, -s*r = -5*o + 50. Calculate the remainder when 18 is divided by o.
3
Suppose -3*n = 15 - 21, -2*z - 5*n = -136. Calculate the remainder when 502 is divided by z.
61
Suppose 3*i = 12, -t - 12 = -3*t - 3*i. Suppose -15 = 5*r, t = -v + r - 0*r + 26. Let q = -15 + 24. Calculate the remainder when v is divided by q.
5
Let f(a) = a**2 - 9*a + 5. Let b be f(12). Calculate the remainder when 197 is divided by -4 + b + -6 + 2.
32
Suppose -56*f + 42532 = -7*f. Calculate the remainder when f is divided by 109.
105
Suppose -4*r - 237 = -7*r. Let n = -7 + 9. Suppose -5*d = -h - 101, n*d - 4*h = -3*d + 104. What is the remainder when r is divided by d?
19
Suppose -498 = -15*m - 258. What is the remainder when 103 is divided by m?
7
Suppose -14*i = -10*i - 24. Let y = 14 - -2. Let q = i + y. Calculate the remainder when 87 is divided by q.
21
Let o(f) = -f**2 - 10*f + 46. Let k be o(-12). Calculate the remainder when 363/k*(-3)/((-9)/10) is divided by 14.
13
Let x(b) = b**3 + 4*b**2 - 15*b - 10. Let n be x(-6). Calculate the remainder when (-9)/(-6) + -2 - (-428)/n is divided by 7.
4
Suppose 0 = 35*q - 37*q + 4. Suppose -q*p = -2*i - 6*p + 18, 4*i - 29 = -p. Calculate the remainder when 35 is divided by i.
0
What is the remainder when (-4290)/(-21) + (-7)/(-147)*-6 is divided by 69?
66
Suppose -6*s + 77 = -19. What is the remainder when 76 is divided by s?
12
Let n = -12 - -23. Suppose -12*y + 696 = -8*y. Suppose k - y = -5*k. What is the remainder when k is divided by n?
7
Let k = -4 - 11. What is the remainder when 15 is divided by ((-138)/k - 0) + 6/(-30)?
6
Suppose 2*t - 6*t = 0. Suppose t = h - 6*h + 70. Calculate the remainder when 24 is divided by h.
10
Let x = 12 + -4. Suppose -32*c = 196 - 1060. What is the remainder when c is divided by x?
3
Let k(h) = -h**2 - h - 3. Let n(c) = c**3 - 16*c**2 - 21. Let s(q) = -2*k(q) + n(q). Let d be 40/3 - (-4)/6. Calculate the remainder when 38 is divided by s(d).
12
Let c = 164 - 158. Let d = 11 - 3. Calculate the remainder when d is divided by c.
2
Let k = 713 - 700. Calculate the remainder when 27 is divided by k.
1
What is the remainder when 8/(-10) - 2272/(-40) is divided by 31?
25
Let w = -688 + 853. What is the remainder when w is divided by 4?
1
Let b be 6/2*(-13)/((-39)/18). Let m = 43 + b. Suppose g - 128 = -3*g. Calculate the remainder when m is divided by g.
29
Let t(z) = 2*z**2 - z - 3. What is the remainder when t(-4) is divided by 5 + (1 - (4 + -5))?
5
Let a be ((1 - -4) + -5)*3/(-3). Suppose 0*y + 2*y + 4*b - 14 = a, -5*b - 10 = 0. Calculate the remainder when 50 is divided by y.
6
Suppose 2*f - o - 111 = -14, 51 = f - o. Let t(l) = -3*l - 1. Let i be t(3). What is the remainder when f is divided by 80/(-24)*48/i?
14
Suppose 268 = -j + 269. Calculate the remainder when 10 is divided by j.
0
Suppose 0*c + 3*c - 19 = -4*t, -4*c + 4*t + 16 = 0. Suppose 4*h = -c*b + 410, 2*h = -2*b + 4*b - 164. Calculate the remainder when b is divided by 17.
14
Let l = -4 - -15. Let w = l + -6. Let t(y) = -4*y - 27. What is the remainder when t(-9) is divided by w?
4
Let v be (-356)/(-30) - 18/(-135). Let n(d) = -d**3 + 13*d**2 - 10*d - 3. What is the remainder when n(v) is divided by 5?
1
Suppose 334 + 266 = 10*w. What is the remainder when w is divided by 9?
6
Let r(a) = -a**3 - 18*a**2 - 37*a + 27. Let x be r(-16). Let w = x - 91. Calculate the remainder when 36 is divided by w.
4
Suppose p = 2 + 2. Suppose f - 416 = -p*q, 0 = -2*q - 3*q + 5*f + 545. What is the remainder when q is divided by 27?
24
Let k(j) = -j**3 + 3*j**2 + 2*j - 4. Let w be k(3). Let r = w + 19. Calculate the remainder when -1 + 81 + 3 - (-9 + 10) is divided by r.
19
Let q(v) be the second derivative of -v**5/20 + 2*v**4/3 - 7*v**3/6 + 21*v**2/2 + 17*v. What is the remainder when 102 is divided by q(7)?
18
Let i(u) = u**3 - 46*u**2 - 94*u - 53. Suppose 4*g - 37 = 23. What is the remainder when i(48) is divided by g?
13
Let z = 369 + -208. What is the remainder when z is divided by 18?
17
Let q = -120 - -214. Suppose 5*t + 111 = 3*w, 5*t - q - 89 = -4*w. Calculate the remainder when w is divided by 11.
9
Let q = 67 - 373. Let d be (4/12)/((-2)/q). What is the remainder when (d/6)/(1/2) is divided by 6?
5
Let v(l) = -l**2 - 60*l + 114. What is the remainder when v(0) is divided by (10 - 0)*-1*-3?
24
Let s = 342 + -322. Calculate the remainder when s is divided by (22/(-3))/(2/(-3)).
9
What is the remainder when 398 is divided by (4/(-6)*57)/((-1)/1)?
18
Suppose -2*n = 3*m - 64,